0, -2*z - 3029 = -5*b. What is the remainder when b is divided by 8?
5
Suppose 3*h = -h + 8. Let o(j) = -6*j - 109. Suppose 28 = -x + 8. What is the remainder when o(x) is divided by h?
1
Suppose -g + 2*k = -161 + 12, -5*g = 2*k - 781. What is the remainder when g is divided by 5?
0
Let x = -2867 - -2889. What is the remainder when 92 is divided by x?
4
Let g be 1 - ((-4 - -3 - -1) + -3). Suppose g*w - 4*z = 56, 13 = 2*w - 3*z - 19. Calculate the remainder when 16 is divided by w.
6
Suppose n + 3*d = -43 - 21, -d = 5*n + 250. Let t = 77 + n. Calculate the remainder when 45 is divided by t.
17
Let c(i) = 2*i**2 + 145*i + 656. Suppose -6*t + 3*t = -246. Let h = 126 - t. What is the remainder when c(-70) is divided by h?
42
Suppose 0*n + 9 = -3*n, 0 = -2*u + 2*n + 86. What is the remainder when 2597 is divided by u?
37
Let b = -754 - -797. Let m(g) be the second derivative of g**3/6 + 23*g**2/2 - 3*g. Calculate the remainder when b is divided by m(-14).
7
Let i = -62 - -214. Let v(p) = 3*p**2 - 23*p + 16. Let t be v(7). Suppose 19 = x + t*z - 15, -2*z - 44 = -2*x. What is the remainder when i is divided by x?
22
Let s = 565 - 263. Calculate the remainder when s is divided by 105.
92
Suppose -9*w + 1410 = 573. Suppose 0 = -17*p + 16*p + w. Calculate the remainder when p is divided by 24.
21
Let d be -6 - 105/14*(-12)/10. Suppose y + d*y = -i + 186, 2*i + 226 = 5*y. What is the remainder when 228 is divided by y?
44
Calculate the remainder when 10506/85 + (-28)/(-20) is divided by ((-7)/1)/(11/(-33)).
20
Let l(u) = -159*u**3 - 3*u**2 - 8*u - 9. Calculate the remainder when l(-2) is divided by 128.
115
Let g(z) = 2*z**3 - 19*z**2 + 13*z - 20. Suppose -l + 4*l - 29 = 2*a, -3*a + 33 = 4*l. What is the remainder when 110 is divided by g(l)?
14
Suppose 109 = -2*i - 3*z + 708, 4*z - 900 = -3*i. Calculate the remainder when 119 is divided by 3876/i*(4 + 0).
17
Suppose -591*z + 6319 - 875 = -9331. Let x(y) = -y**3 + 2*y**2 - 5*y + 5. What is the remainder when x(-6) is divided by z?
23
Let w(g) = g + 377. Suppose -3*y + 44 + 274 = 3*v, 4*y + 96 = v. Calculate the remainder when w(31) is divided by v.
96
Let d = 10 - -4. Let r be (-140)/(-77) + ((-24)/(-33))/4. Calculate the remainder when 52 - 0/(-3 - r) is divided by d.
10
Let r(h) = 123*h + 22. Let j be r(-2). Let w = j - -251. What is the remainder when w is divided by 19?
8
Let y(u) = -10*u + 53. Let x = 258 + -264. Calculate the remainder when y(x) is divided by 15.
8
Let w be (-2 + 0)*27/(-6). Let x = 1 + w. Calculate the remainder when (-64326)/(-1661) - (-3)/11 is divided by x.
9
Suppose -16*k + 568 = 2*b, 0 = 2*k + 3*k - 30. Calculate the remainder when b is divided by 14.
12
Let b = -118 + 193. Let a = b + -76. Let x(o) = 26*o**2 + o. Calculate the remainder when x(a) is divided by 14.
11
Suppose 0 = -v - v + 4*r + 8, 9 = v - r. Let q = -71 - -118. Let z = 56 - q. What is the remainder when v is divided by z?
5
Let q(l) = l**2 + 14*l + 44. Let g be q(-10). Suppose -2*p = 5*w - 505, 5*w + g*p = -74 + 589. What is the remainder when w is divided by 46?
7
Let o(w) = -w**3 - 15*w**2 - 25*w + 58. Let k(q) = -2*q**2 + 35*q - 30. Let i be k(17). What is the remainder when 176 is divided by o(i)?
41
Let d(j) = j**3 + j**2 + 21*j - 22. Let v be d(10). Suppose -10 = -4*n + 6. Suppose n*p + v = 18*p. Calculate the remainder when p is divided by 27.
11
Suppose -5198 = -7*y - 11*y + 1138. What is the remainder when y is divided by 105?
37
Calculate the remainder when 320/(-12)*9/(-2) is divided by 510/20*(32/(-6))/(-4).
18
Suppose 6*z + 3 = 3*z, -40 = -3*c + 4*z. Suppose 5*b = -114*b + 18280 - 1501. What is the remainder when b is divided by c?
9
Let x be (1 - 7)*5/3. Let j be (-5)/x*-8*4. What is the remainder when (-22)/(-4) + (-8)/j is divided by 5?
1
Suppose 2*j = -4, 0 = -z + 5*j - 7 + 83. Calculate the remainder when 248 is divided by z.
50
Let q = 157 - 246. Let m = q + 95. What is the remainder when 125 is divided by (-74)/(-4) - (-3 + 21/m)?
17
Let f = -4 - -6. Suppose -2*q - f*j = -80, 4*j - 204 = 3*q - 8*q. Suppose -4*l = 13 - 5, -l = 5*g - 113. Calculate the remainder when q is divided by g.
21
Suppose -4*q - 4*v = -116, -v = -0*q + 2*q - 55. Calculate the remainder when 22 is divided by (q/10)/(-8 - 287/(-35)).
9
Let k(q) = 169*q**2 - 6*q + 6. Let l be k(1). Suppose -12*v + l = v. What is the remainder when v is divided by (-115)/(-25) + 2/5?
3
Suppose -12*a = -3076 - 860. Calculate the remainder when a is divided by 115.
98
Suppose -8*d = -2*j - 7*d - 8, -3*j = 4*d + 34. Let s(u) = -7*u + 14. What is the remainder when s(j) is divided by 30?
26
Let r(o) = -o**3 + 29*o**2 - 30*o + 48. Let c be r(28). Suppose -3*g + 13 = -38. Let u = g - c. Calculate the remainder when u is divided by 7.
4
Let u(z) be the second derivative of z**3/3 - 10*z**2 + 248*z. Calculate the remainder when 58 is divided by u(17).
2
Let s(o) be the first derivative of -3*o**2/2 + 22*o - 1. Let j = -52 + 47. What is the remainder when s(j) is divided by 5?
2
Let o = 651 - 1361. Let p be o/(-4)*1*24/30. Let c = p + -74. What is the remainder when c is divided by 10?
8
Let g = 25212 - 23983. Calculate the remainder when g is divided by 76.
13
Calculate the remainder when (-3 + 2)/((1/274)/(18/(-4))) is divided by 136.
9
Let a = -203 - 36. Let i = -23 - a. Calculate the remainder when i is divided by (1*31)/(-326 - -325 - -1*2).
30
Let f = 1 - -36. Let u(z) = -z - 1. Let m(c) = -16*c - 12. Let j(n) = m(n) - 6*u(n). Calculate the remainder when j(-15) is divided by f.
33
Suppose -4*x = 4*u - 32, u - 3*x - x - 8 = 0. Let p = 166 + -239. Let v = p + 84. What is the remainder when v is divided by u?
3
Suppose 2*b - 6 = -t, 2*t + 0*t = -b + 27. Suppose -121*j = -605 - 14641. What is the remainder when j is divided by t?
14
Suppose 13*j = 995 + 591. What is the remainder when 238 is divided by j?
116
Let m be 1738/(-5 + 7/1). Suppose 5*f - m = -6*f. What is the remainder when f is divided by 20?
19
Let v = 167 + -163. Suppose -v*i = 5*k - 196, 2*k - 77 = -4*i + 119. What is the remainder when 146 is divided by i?
48
Suppose 39*f = 128757 + 86289. Calculate the remainder when f is divided by 14.
12
Let y be 14*(-1 - 1/(-2)). Let g(d) = d**2 + 6*d + 9. Let r be g(y). Suppose -v + 12 = -r. Calculate the remainder when 51 is divided by v.
23
Suppose 0 = 8*o + 5*v - 1301 - 12388, 9 = -3*v. Calculate the remainder when o is divided by 18.
3
What is the remainder when 641 is divided by 9*4 - (-704)/64?
30
Let q(w) = -2*w**2 - 19*w + 6. Let i be q(-10). Calculate the remainder when 148 is divided by i - (2 + -17 + 6).
3
Suppose 83*a - 104*a = -945. What is the remainder when 981 is divided by a?
36
Suppose -5*d - l = 87 - 180, 3*d - 36 = 6*l. What is the remainder when 324 is divided by d?
0
Let q(g) = 104*g - 2695. Let f(r) = -24*r. Let d be f(2). Let o = 100 + d. What is the remainder when o is divided by q(26)?
7
Let j(x) = x**2 - 12*x - 132. Let r(i) = -5*i - 67. Let h(c) = 2*j(c) - 5*r(c). Calculate the remainder when h(-8) is divided by 48.
47
Suppose 3 - 5 = -m. Suppose 0*f = 3*f + 3, -m*o + 18 = -4*f. Suppose -8 = 3*r - 5*r. What is the remainder when o is divided by r?
3
Let z = -12623 + 12883. What is the remainder when 529 is divided by z?
9
Let x = 1012 - 717. Suppose -158*u = 162*u + 73*u - 19650. What is the remainder when x is divided by u?
45
Let l(i) = 8 - 4*i**3 - 6*i**2 + 8*i**3 - i**3 - 2*i**3 + 4*i. Calculate the remainder when 109 is divided by l(6).
13
Let r = -14737 - -15994. Calculate the remainder when r is divided by 440.
377
Suppose 2549 - 2371 = 2*w - 4*k, 5*w - k - 409 = 0. What is the remainder when w is divided by ((-1)/2)/(3/(-186))?
19
Let s(y) = 5*y - 53. Let p be s(-23). Let r = 0 - 5. Calculate the remainder when p/r - 3/5 is divided by 9.
6
Suppose 0 = -5*z - 2*f + 1765, -3*z = -269*f + 266*f - 1059. Calculate the remainder when z is divided by 73.
61
Let v(h) = h**2 + 10*h - 30. Let a be v(-12). What is the remainder when 319 is divided by (-4)/a - 871/(-39)?
20
Let j(x) = -4*x + 18. Let f be j(4). Let w(u) = 11*u**2 - u**3 + 14*u - u + 37 + 3*u**f. What is the remainder when 41 is divided by w(15)?
6
Let q = -11 + 15. Suppose -2*v + 3*u + 6 + 26 = 0, q*v + 3*u - 64 = 0. Calculate the remainder when